{"id":25045,"date":"2022-02-02T11:11:16","date_gmt":"2022-02-02T14:11:16","guid":{"rendered":"https:\/\/loja.iprojectti.com.br\/?product=webex-board-85-wall-stand-gpl"},"modified":"2022-02-04T15:06:10","modified_gmt":"2022-02-04T18:06:10","slug":"webex-board-85-wall-stand-gpl","status":"publish","type":"product","link":"https:\/\/ciscostore.iprojectti.com.br\/?product=webex-board-85-wall-stand-gpl","title":{"rendered":"Webex Board 85 Wall Stand (GPL)"},"content":{"rendered":"<p class=\"ckeditor-css\"><span style=\"overflow: visible; font-family: CiscoSans, Arial, sans-serif; font-size: 14px; color: #525252; font-style: normal; font-variant-ligatures: normal; font-variant-caps: normal; font-weight: 400; letter-spacing: normal; orphans: 2; text-align: left; text-transform: none; white-space: normal; widows: 2; word-spacing: 0px; -webkit-text-stroke-width: 0px; background-color: #ffffff; text-decoration-thickness: initial; text-decoration-style: initial; text-decoration-color: initial; vertical-align: inherit;\"><span style=\"overflow: visible; font-family: CiscoSans, Arial, sans-serif; font-size: 14px; vertical-align: inherit;\">Cisco Webex\u00a0<\/span><\/span><span style=\"overflow: visible; font-family: CiscoSans, Arial, sans-serif; font-size: 14px; color: #525252; font-style: normal; font-variant-ligatures: normal; font-variant-caps: normal; font-weight: 400; letter-spacing: normal; orphans: 2; text-align: left; text-transform: none; white-space: normal; widows: 2; word-spacing: 0px; -webkit-text-stroke-width: 0px; background-color: #ffffff; text-decoration-thickness: initial; text-decoration-style: initial; text-decoration-color: initial; vertical-align: inherit;\"><span style=\"overflow: visible; font-family: CiscoSans, Arial, sans-serif; font-size: 14px; vertical-align: inherit;\">Board \u00e9 um dispositivo que fornece tudo que voc\u00ea precisa para colaborar com suas equipes em salas de reuni\u00f5es f\u00edsicas.\u00a0<\/span><span style=\"overflow: visible; font-family: CiscoSans, Arial, sans-serif; font-size: 14px; vertical-align: inherit;\">Voc\u00ea pode fazer apresenta\u00e7\u00f5es sem fio, usar um quadro branco e fazer chamadas de v\u00eddeo e \u00e1udio.\u00a0<\/span><span style=\"overflow: visible; font-family: CiscoSans, Arial, sans-serif; font-size: 14px; vertical-align: inherit;\">E ele se conecta com seguran\u00e7a \u00e0s suas equipes virtuais por meio do servi\u00e7o Cisco Webex, por meio de seus dispositivos habilitados para aplicativos Cisco Webex Teams, para que voc\u00ea possa levar suas reuni\u00f5es e conte\u00fado para viagens.<\/span><\/span><\/p>\n<p class=\"ckeditor-css\"><span style=\"overflow: visible; font-family: CiscoSans, Arial, sans-serif; font-size: 14px; color: #525252; font-style: normal; font-variant-ligatures: normal; font-variant-caps: normal; font-weight: 400; letter-spacing: normal; orphans: 2; text-align: left; text-transform: none; white-space: normal; widows: 2; word-spacing: 0px; -webkit-text-stroke-width: 0px; background-color: #ffffff; text-decoration-thickness: initial; text-decoration-style: initial; text-decoration-color: initial; vertical-align: inherit;\">O Cisco Webex Board revoluciona a maneira como trabalhamos, combinando requisitos-chave para colabora\u00e7\u00e3o em equipe na sala de reuni\u00e3o f\u00edsica em um \u00fanico dispositivo e o conecta \u00e0 nuvem para um fluxo de trabalho cont\u00ednuo.\u00a0<\/span><span style=\"overflow: visible; font-family: CiscoSans, Arial, sans-serif; font-size: 14px; color: #525252; font-style: normal; font-variant-ligatures: normal; font-variant-caps: normal; font-weight: 400; letter-spacing: normal; orphans: 2; text-align: left; text-transform: none; white-space: normal; widows: 2; word-spacing: 0px; -webkit-text-stroke-width: 0px; background-color: #ffffff; text-decoration-thickness: initial; text-decoration-style: initial; text-decoration-color: initial; vertical-align: inherit;\">\u00c9 uma tela de apresenta\u00e7\u00e3o sem fio, um quadro branco digital e um sistema de confer\u00eancia de \u00e1udio e v\u00eddeo, tudo em um.\u00a0<\/span><span style=\"overflow: visible; font-family: CiscoSans, Arial, sans-serif; font-size: 14px; color: #525252; font-style: normal; font-variant-ligatures: normal; font-variant-caps: normal; font-weight: 400; letter-spacing: normal; orphans: 2; text-align: left; text-transform: none; white-space: normal; widows: 2; word-spacing: 0px; -webkit-text-stroke-width: 0px; background-color: #ffffff; text-decoration-thickness: initial; text-decoration-style: initial; text-decoration-color: initial; vertical-align: inherit;\">O Webex Board ajuda as equipes a colaborar em salas de reuni\u00e3o f\u00edsicas, mas tamb\u00e9m se conecta com seguran\u00e7a a espa\u00e7os de reuni\u00e3o virtuais para facilitar o fluxo de trabalho cont\u00ednuo antes, durante e depois que todos sa\u00edram da sala de confer\u00eancia f\u00edsica.\u00a0<\/span><span style=\"overflow: visible; font-family: CiscoSans, Arial, sans-serif; font-size: 14px; color: #525252; font-style: normal; font-variant-ligatures: normal; font-variant-caps: normal; font-weight: 400; letter-spacing: normal; orphans: 2; text-align: left; text-transform: none; white-space: normal; widows: 2; word-spacing: 0px; -webkit-text-stroke-width: 0px; background-color: #ffffff; text-decoration-thickness: initial; text-decoration-style: initial; text-decoration-color: initial; vertical-align: inherit;\">O Cisco Webex Board obt\u00e9m seu poder do servi\u00e7o Cisco Webex, que combina reuni\u00f5es, mensagens, chamadas e novos recursos de quadro branco em qualquer dispositivo habilitado para o aplicativo Webex Teams.\u00a0<\/span><span style=\"overflow: visible; font-family: CiscoSans, Arial, sans-serif; font-size: 14px; color: #525252; font-style: normal; font-variant-ligatures: normal; font-variant-caps: normal; font-weight: 400; letter-spacing: normal; orphans: 2; text-align: left; text-transform: none; white-space: normal; widows: 2; word-spacing: 0px; -webkit-text-stroke-width: 0px; background-color: #ffffff; text-decoration-thickness: initial; text-decoration-style: initial; text-decoration-color: initial; vertical-align: inherit;\">O registro no Cisco Webex na nuvem permite armazenar tudo o que foi criado no Webex Board diretamente na nuvem e associ\u00e1-lo a um espa\u00e7o virtual do Webex Teams, para que voc\u00ea possa levar seu trabalho aonde quer que v\u00e1.\u00a0<\/span><span style=\"overflow: visible; font-family: CiscoSans, Arial, sans-serif; font-size: 14px; color: #525252; font-style: normal; font-variant-ligatures: normal; font-variant-caps: normal; font-weight: 400; letter-spacing: normal; orphans: 2; text-align: left; text-transform: none; white-space: normal; widows: 2; word-spacing: 0px; -webkit-text-stroke-width: 0px; background-color: #ffffff; text-decoration-thickness: initial; text-decoration-style: initial; text-decoration-color: initial; vertical-align: inherit;\">A solu\u00e7\u00e3o Webex Board oferece uma abordagem de ciclo de vida integrada, segura e abrangente para o trabalho em equipe que ainda n\u00e3o foi imaginada e, portanto, incompar\u00e1vel por qualquer outra solu\u00e7\u00e3o no mercado.<\/span><\/p>\n","protected":false},"excerpt":{"rendered":"<p>Cisco Webex\u00a0Board \u00e9 um dispositivo que fornece tudo que voc\u00ea precisa para colaborar com suas equipes em salas de reuni\u00f5es f\u00edsicas.\u00a0Voc\u00ea pode fazer apresenta\u00e7\u00f5es sem fio, usar um quadro branco<\/p>\n","protected":false},"featured_media":25594,"comment_status":"open","ping_status":"closed","template":"","meta":[],"product_cat":[466,429],"product_tag":[],"class_list":{"0":"post-25045","1":"product","2":"type-product","3":"status-publish","4":"has-post-thumbnail","6":"product_cat-acessorios-colaboracao","7":"product_cat-webex","9":"first","10":"instock","11":"shipping-taxable","12":"purchasable","13":"product-type-simple"},"acf":[],"_links":{"self":[{"href":"https:\/\/ciscostore.iprojectti.com.br\/index.php?rest_route=\/wp\/v2\/product\/25045","targetHints":{"allow":["GET"]}}],"collection":[{"href":"https:\/\/ciscostore.iprojectti.com.br\/index.php?rest_route=\/wp\/v2\/product"}],"about":[{"href":"https:\/\/ciscostore.iprojectti.com.br\/index.php?rest_route=\/wp\/v2\/types\/product"}],"replies":[{"embeddable":true,"href":"https:\/\/ciscostore.iprojectti.com.br\/index.php?rest_route=%2Fwp%2Fv2%2Fcomments&post=25045"}],"wp:featuredmedia":[{"embeddable":true,"href":"https:\/\/ciscostore.iprojectti.com.br\/index.php?rest_route=\/wp\/v2\/media\/25594"}],"wp:attachment":[{"href":"https:\/\/ciscostore.iprojectti.com.br\/index.php?rest_route=%2Fwp%2Fv2%2Fmedia&parent=25045"}],"wp:term":[{"taxonomy":"product_cat","embeddable":true,"href":"https:\/\/ciscostore.iprojectti.com.br\/index.php?rest_route=%2Fwp%2Fv2%2Fproduct_cat&post=25045"},{"taxonomy":"product_tag","embeddable":true,"href":"https:\/\/ciscostore.iprojectti.com.br\/index.php?rest_route=%2Fwp%2Fv2%2Fproduct_tag&post=25045"}],"curies":[{"name":"wp","href":"https:\/\/api.w.org\/{rel}","templated":true}]}}